 + p**2/2 - 18*p. Calculate z(1).
-21
Let o(a) = -a**3 + 4*a**2 + 8*a - 5. Let d(k) = -3*k - 7. Let b be d(-4). Determine o(b).
10
Suppose -3*c = -u - c - 18, 3*u = 5*c - 49. Let r(a) = a**2 + 8*a + 2. Determine r(u).
2
Let i(v) be the second derivative of -v**7/2520 + v**6/120 - v**5/24 - 5*v**4/12 - 10*v. Let f(l) be the third derivative of i(l). Calculate f(4).
3
Let n be (-4 - 1)/((-2)/2). Suppose 3*u - 16 = -2*j + j, -j - n*u = -24. Let v(b) = b**3 - 4*b**2 - 5. Calculate v(j).
-5
Let z(c) = 3*c - 8. Let b(d) = 3*d - 9. Let o(f) = 2*b(f) - 3*z(f). What is o(5)?
-9
Let j(k) = -11*k - 4. Let q(b) = -88*b - 33. Let s(v) = -33*j(v) + 4*q(v). Give s(1).
11
Let d(v) = 2*v - 3. Suppose 3*l + 5 = -4. Determine d(l).
-9
Let k(o) be the second derivative of -o**3/6 + 5*o**2/2 - 13*o. Give k(-6).
11
Let f be 75/11 + (-12)/(-66). Let o(u) = -u**3 + 6*u**2 + 7*u + 4. What is o(f)?
4
Let k be ((-7)/(-21))/(2/3). Let h(r) be the third derivative of 0 + 0*r + 1/120*r**6 - k*r**3 + 0*r**4 + r**2 + 1/10*r**5. Determine h(-6).
-3
Suppose 8 = 3*c - 1. Let v(i) = i - i + c*i - 1. Give v(1).
2
Let b(c) = -c**3 + 4*c**2 - c. Let s be b(3). Suppose -3*o = s, f + 0*o + 3 = -3*o. Let y(d) = f*d + d - 4 - d + d**2. Determine y(-4).
0
Let y(f) = -5*f**2 - 1. Suppose -2*n + 11 + 3 = 0. Let g = -154 + 146. Let b = n + g. Give y(b).
-6
Let s(g) = -g**3 + 5*g**2 + g - 2. Let o be s(5). Suppose q + 3 = -3*w, w = o*q + 2 - 3. Let f = 0 + q. Let k(u) = -u - 5. Calculate k(f).
-5
Let a(n) = n**3 - 10*n**2 - 3*n. Let b(q) = -2*q + 3*q**2 - q - 12*q**2 + q**3 - 1. Let s(m) = 5*a(m) - 6*b(m). Let f = 97 + -92. Give s(f).
-4
Let i(x) = -x**2 - 4*x + 3. Suppose 56 = -2*l + 68. Let f(c) = -4*c**2 - 3*c**2 + 8 - c + 5*c + c**3. Let b be f(l). What is i(b)?
3
Suppose 4*h - 4 = 8. Let w(p) = p**h + p**3 + 1 + 2*p**2 - p**2 - 3*p**2. What is w(2)?
9
Suppose -5*s + a + 0*a + 23 = 0, 3*s = -a + 17. Suppose s*c + 58 - 8 = 0. Let y = -7 - c. Let x(z) = z - 1. Determine x(y).
2
Let b(g) = -18*g - 22*g - 19*g - 2 + g**2 + 54*g. What is b(6)?
4
Let b(x) = -3*x - 2. Let f(s) = 7*s + 5. Let w(c) = 5*b(c) + 2*f(c). Suppose 3*y + 5*p = -15, -4*y - 2*p - 6 = -y. What is w(y)?
0
Let j(z) = -3*z**2 - 2 - 6*z + 2*z**2 + 3. Let g(x) be the second derivative of -x**5/20 - 5*x**4/6 - 3*x**3/2 - 5*x**2/2 + x. Let u be g(-9). Calculate j(u).
6
Let t(o) be the third derivative of -o**7/840 - o**6/90 - o**5/30 - o**4/24 - 2*o**3/3 - o**2. Let c(k) be the first derivative of t(k). What is c(-3)?
2
Let p = 7 + -8. Let w(y) = 2*y**2 - y. Let d be w(1). Let r(x) = -7*x. Let v(k) = 2*k. Let u(h) = d*r(h) + 7*v(h). Determine u(p).
-7
Let o(a) = 6*a**2 - 3*a + 1 + 0*a**3 - 2 + a**3 + 4*a. Calculate o(-6).
-7
Let y(u) = -28*u. Let v be y(-1). Let s be (-3)/(-2) + v/8. Let x(a) = 2*a - 7. Give x(s).
3
Let c(p) = p**3 - 14*p**2 + 14*p - 13. Let j be c(13). Let g = -1 + 4. Suppose -3 = -3*a - 5*f, j = 2*a - 0*a + 5*f + g. Let w(y) = 2*y - 6. Calculate w(a).
6
Let n(a) = 2*a**3 + 2*a**2 + 2*a - 1. Suppose 2 = 7*i - 8*i. Calculate n(i).
-13
Suppose -2*h - 15 = 2*o + h, -4*h = -4*o. Let p be ((-2)/(-6))/(o/45). Let s(d) = d - 1. Determine s(p).
-6
Let z(x) = 4*x - x + 3*x - 6*x**2 + 2 - 4 + x**3. Let l be z(5). Let n(a) = -l + 3 - 3 - 5*a. What is n(-2)?
7
Let a(y) = 2*y + 4. Let m(k) = -1. Let q(c) = a(c) - 2*m(c). Determine q(6).
18
Let z(q) = 4*q - 8. Let o(m) = m. Let s(w) = 3*o(w) - z(w). What is s(11)?
-3
Suppose 0 = 3*l + 9 + 3. Let b(g) be the third derivative of 0 - 1/15*g**5 - 1/24*g**4 - 1/120*g**6 + 0*g + 0*g**3 - 2*g**2. Give b(l).
4
Suppose 0 = -11*p + 6*p + 40. Let d(i) = -7 - 11*i - 6*i**2 + 5*i**2 + 2*i**2 + p*i. Let s = -1 + 6. What is d(s)?
3
Let l(u) = -u**3 - 242*u + 2*u**2 + 241*u + 15*u**3. What is l(1)?
15
Let h(q) = 8*q**2 - 4*q - 1. Let m(f) = 23*f**2 - 11*f - 3. Let j(r) = -8*h(r) + 3*m(r). Let b be j(-1). Let n(g) = g + 1. Give n(b).
6
Let w(x) be the third derivative of x**4/4 - x**3/3 - 8*x**2. Determine w(4).
22
Let j(m) = -m**3 - 6*m**2 - m + 5. Let w = -24 + 19. Give j(w).
-15
Let l(o) = 0*o**3 + o**3 - 2 - 5*o**2 + 2*o**2 + 4*o. Let d(r) = r - 2. Let z = 8 + -4. Let y be d(z). Calculate l(y).
2
Suppose 0 = -3*z - z + 4. Let p(q) = -2*q**3 - 5*q**2 - 6. Let k(g) = g**3 + 6*g**2 + 7. Let j(b) = -6*k(b) - 7*p(b). Determine j(z).
7
Suppose 0 = -l - 0 - 1. Let t(u) = -u**3 - 3*u**2 - u + 4. Let w(i) = -i + 1 + 7*i**2 + 0*i - 5*i**2 - i**2. Let q(m) = l*t(m) + 2*w(m). What is q(-5)?
3
Let f(k) be the third derivative of -k**5/20 - k**4/8 - k**3/6 - 13*k**2. Give f(-2).
-7
Let i(w) = w + 1. Let y(z) = z**3 - 6*z**2 - z + 7. Let x be y(6). Let h = x + 1. Calculate i(h).
3
Let w(i) be the second derivative of -1/6*i**4 - 1/2*i**3 + 0 + 5*i + 3/2*i**2. Calculate w(-3).
-6
Let r(v) = -v - 4. Let o be (-70)/(-4) + 6/(-4). Suppose -3*i - i = -o. Give r(i).
-8
Let s(h) = -h**3 - 5*h**2 - 5*h - 5. Let o = -8 - -8. Suppose 2*g + 16 = -2*g. Let a = g + o. Determine s(a).
-1
Let g(f) = -9*f - 5. Let d(k) = -9*k - 4. Let m(l) = -7*d(l) + 6*g(l). Let v(p) = -10*p + 2. Let h(q) = 4*m(q) + 3*v(q). What is h(2)?
10
Let k(u) = -6*u - 1 - 3*u + 11*u. Give k(-3).
-7
Let y(r) = r**3 - r**2 - 1. Let w be (1/((-3)/(-6)))/1. Let n(d) = -6*d - 3*d**3 + w - 3*d**2 - 5 + 0. Let g(k) = -n(k) - 2*y(k). Calculate g(-4).
-3
Let o = -88 + 90. Let i(k) = 0*k**2 - 2 - k**2 + 5 - 2*k. Determine i(o).
-5
Let s(n) = -n**3. Let a(k) = -5*k**3 + 6*k**2 - 5*k. Let t(p) = -a(p) + 4*s(p). Let h = -50 + 20. Let r be ((-2)/(-4))/((-3)/h). Determine t(r).
0
Let a = 0 + 2. Let h be a/(-4)*-34 + -1. Suppose 2*r + 2*r = h. Let n(g) = g - 5. Calculate n(r).
-1
Let q(f) = 4*f**2 - 1. Let g be q(-1). Let j(x) = -4*x. Let b be j(-1). Let z(m) = 3*m - 5*m**2 + b*m**2 + m. What is z(g)?
3
Let m(r) = 2 + 3*r + r**2 + 1 - 8. Give m(-4).
-1
Let a(k) = -k - 1. Let i(m) = -7*m + 2. Let o be 6/9*(-3)/2. Let p(y) = o*i(y) + 2*a(y). Calculate p(3).
11
Let u = 3 + -3. Let b(i) be the second derivative of 0 + u*i**3 + 1/12*i**4 - 3/2*i**2 + 2*i. Calculate b(-3).
6
Let f(y) = -2*y**2 + 4*y - 3*y - 4 - 7*y + y**2. What is f(-5)?
1
Suppose 0 = y + 5*y - 12. Let c(f) = -f**3 + f**2 - 2*f + 2. Give c(y).
-6
Let v(l) = -5*l**2 - 6*l - 6. Let s(u) = u**2 + u + 1. Let o(j) = 6*s(j) + v(j). Let i = -4 - -2. Determine o(i).
4
Let j(g) = 2*g - 3*g - 2*g**2 + 3*g**2. Let f = -12 + 13. What is j(f)?
0
Let d(y) = y**2 + 6*y - 3. Let i be d(-8). Suppose -3*u = 1 - i. Let k(p) = -6 - 2*p + 5*p + 0*p - 2*p. Give k(u).
-2
Suppose -6*d + 25 = -d. Let h(i) = -i**2 + 7*i - 6. Calculate h(d).
4
Let x = -3 - -1. Suppose -5*g - 2*z = -g - 16, -4*z + 18 = g. Let s(y) = 0*y + 2*y**g + 3*y + 1 + 0*y**2. Give s(x).
3
Let d(g) = -4 + 6 - 1 - g. Suppose 2*x - 4*c - 20 = 0, x + 5*c + 35 = 6*x. Calculate d(x).
-3
Let o(w) = w**2 + 2*w - 2. Let t(u) = u**3 + 2*u**2 - 3*u - 3. Let m be t(-3). Determine o(m).
1
Let g(z) = z - 10. Let y(k) = 6*k + 9. Let w be y(0). What is g(w)?
-1
Let p(z) = -2 + 14*z + 3*z**2 + 2*z**3 - 3*z**3 - 9*z. Suppose b - 13 = -3*a, -5*b = -2*a - b + 4. What is p(a)?
2
Let p(l) = l**3 + 6*l**2 + 3*l - 4. Let r be p(-5). Suppose 2*c = -c - r. Let h(u) = 3 + 3*u**2 + 2*u + 4*u**3 + 0 - 2*u**3. What is h(c)?
-5
Suppose 0 = -x + 4 + 1, -5*x + 25 = -4*q. Let u(k) = -k**2 - k + 8. Determine u(q).
8
Let j(w) = -w**3 + 2*w**2 + 3*w + 2. Let t be j(3). Let i(v) be the third derivative of v**t - 7/24*v**4 + 0 - 1/60*v**5 + 0*v - v**3. Give i(-4).
6
Let w(m) be the first derivative of m**4/4 - 4*m**3/3 - 4*m - 2. Let n = 2 - -2. Calculate w(n).
-4
Let i = 0 - 1. Let o be 7 + (3 - (-1)/i). Let h be (-3)/o*0 + -2. Let u(f) = 2*f**2 + f. What is u(h)?
6
Let i = 17 - 22. Let k(c) = -2*c**2 + 3 + 3 + 3*c**2 + 7*c. Give k(i).
-4
Let q(w) = 2 + 0*w + 5*w - 3*w + 0. What is q(-5)?
-8
Let g be (-1 - -2) + 4/8 + -1. Let d(z) be the first derivative of g*z**2 - 3 - 7*z. Determine d(4).
-3
Let j(n) be the third derivative of n**6/120 - n**5/12 + n**4/8 + 2*n**3/3 - 7*n**2. What is j(4)?
0
Suppose p = 5*p - 8. Let d(v) = 25 + 2*v**p + v**2 + v - 4*v**2 - 23. Suppose 0*k + 3*k = 0. Determine d(k).
2
Let o(y) = y - 8. Let n = -7 + 18. Let j = 15 - n. Suppose -r + 5*r - 12 = -j*k, 0 = -r + k + 9. Determine o(r).
-2
Let g be (-1)/((-14)/12 - -1). Let v(n) = n**3 - 6*n**2 - n + 6. Let d 